 is the hundred millions digit of 2243870932?
2
What is the ten millions digit of 13697915?
1
What is the hundred thousands digit of 4904090571?
0
What is the hundreds digit of 161369995?
9
What is the units digit of 849775700?
0
What is the units digit of 3098926592?
2
What is the thousands digit of 60046340?
6
What is the hundred millions digit of 815496605?
8
What is the units digit of 530812619?
9
What is the units digit of 34608641?
1
What is the hundreds digit of 38701657?
6
What is the thousands digit of 1850124928?
4
What is the millions digit of 920470449?
0
What is the ten millions digit of 2353087792?
5
What is the ten millions digit of 129750305?
2
What is the hundreds digit of 2794769131?
1
What is the hundreds digit of 948366973?
9
What is the hundreds digit of 124370709?
7
What is the tens digit of 36704512?
1
What is the thousands digit of 164900611?
0
What is the hundred thousands digit of 732705769?
7
What is the ten millions digit of 4006031757?
0
What is the hundred millions digit of 127281917?
1
What is the units digit of 2164583816?
6
What is the hundred thousands digit of 270123438?
1
What is the thousands digit of 250846599?
6
What is the units digit of 2739200930?
0
What is the hundreds digit of 3411464?
4
What is the ten millions digit of 205472291?
0
What is the units digit of 289342321?
1
What is the ten thousands digit of 115975208?
7
What is the ten thousands digit of 721341401?
4
What is the millions digit of 133892964?
3
What is the ten thousands digit of 103639482?
3
What is the thousands digit of 277963202?
3
What is the hundred millions digit of 147092737?
1
What is the millions digit of 1308647085?
8
What is the units digit of 91582299?
9
What is the hundred millions digit of 181190032?
1
What is the hundred millions digit of 265866068?
2
What is the tens digit of 20689018?
1
What is the hundreds digit of 239021407?
4
What is the tens digit of 181804495?
9
What is the hundreds digit of 92260309?
3
What is the hundred millions digit of 3111412310?
1
What is the thousands digit of 110531789?
1
What is the hundreds digit of 513507189?
1
What is the hundred thousands digit of 46647941?
6
What is the ten thousands digit of 7164934?
6
What is the thousands digit of 209518218?
8
What is the tens digit of 81400856?
5
What is the tens digit of 44017982?
8
What is the hundreds digit of 1485605420?
4
What is the units digit of 1211098526?
6
What is the units digit of 5918524469?
9
What is the thousands digit of 1346710813?
0
What is the ten millions digit of 165403616?
6
What is the tens digit of 193571202?
0
What is the hundred millions digit of 2657247536?
6
What is the ten thousands digit of 1289051093?
5
What is the hundred thousands digit of 78546205?
5
What is the ten millions digit of 358837993?
5
What is the thousands digit of 33211258?
1
What is the thousands digit of 324097923?
7
What is the thousands digit of 120089448?
9
What is the millions digit of 328523196?
8
What is the thousands digit of 100330229?
0
What is the ten thousands digit of 2404951486?
5
What is the tens digit of 65919968?
6
What is the ten millions digit of 184684353?
8
What is the billions digit of 1770526059?
1
What is the thousands digit of 117596879?
6
What is the hundred millions digit of 312655418?
3
What is the millions digit of 752900040?
2
What is the tens digit of 5066335148?
4
What is the ten thousands digit of 52219262?
1
What is the ten millions digit of 5568650312?
6
What is the tens digit of 433635968?
6
What is the millions digit of 280775878?
0
What is the hundred thousands digit of 39818869?
8
What is the thousands digit of 47345149?
5
What is the ten thousands digit of 415888101?
8
What is the thousands digit of 85422957?
2
What is the thousands digit of 77521229?
1
What is the hundred millions digit of 131835451?
1
What is the ten millions digit of 68388513?
6
What is the ten millions digit of 20152848?
2
What is the millions digit of 2091526031?
1
What is the ten millions digit of 2431093210?
3
What is the ten millions digit of 17598023?
1
What is the tens digit of 963492029?
2
What is the ten thousands digit of 3483426583?
2
What is the units digit of 247174024?
4
What is the tens digit of 742452239?
3
What is the millions digit of 1344794847?
4
What is the units digit of 13725483?
3
What is the hundreds digit of 59529260?
2
What is the hundreds digit of 28766089?
0
What is the hundred millions digit of 191276723?
1
What is the hundreds digit of 46258480?
4
What is the ten thousands digit of 2009680425?
8
What is the units digit of 211412026?
6
What is the hundreds digit of 1246840503?
5
What is the tens digit of 517531759?
5
What is the tens digit of 402908277?
7
What is the ten millions digit of 380071610?
8
What is the ten thousands digit of 13262396?
6
What is the thousands digit of 448450358?
0
What is the ten millions digit of 909107702?
0
What is the thousands digit of 1246867561?
7
What is the ten millions digit of 45096271?
4
What is the ten millions digit of 273596388?
7
What is the units digit of 2420926799?
9
What is the thousands digit of 7953064?
3
What is the units digit of 373658879?
9
What is the hundred thousands digit of 80328244?
3
What is the ten thousands digit of 242121352?
2
What is the thousands digit of 892754784?
4
What is the millions digit of 24109804?
4
What is the thousands digit of 3817857179?
7
What is the tens digit of 4567491410?
1
What is the tens digit of 3561470504?
0
What is the hundred thousands digit of 2455199949?
1
What is the units digit of 19136516?
6
What is the ten millions digit of 463491548?
6
What is the millions digit of 1104712062?
4
What is the hundred thousands digit of 170232852?
2
What is the thousands digit of 885137016?
7
What is the hundred millions digit of 2297328890?
2
What is the units digit of 64876061?
1
What is the millions digit of 49787976?
9
What is the hundred thousands digit of 60327354?
3
What is the units digit of 1029608404?
4
What is the units digit of 51700546?
6
What is the billions digit of 2786339542?
2
What is the units digit of 52387955?
5
What is the hundreds digit of 61482900?
9
What is the ten thousands digit of 413718630?
1
What is the hundreds digit of 60401897?
8
What is the ten thousands digit of 10767573?
6
What is the hundred millions digit of 2010526975?
0
What is the hundred millions digit of 132840782?
1
What is the tens digit of 2368031796?
9
What is the thousands digit of 1229503673?
3
What is the hundreds digit of 1252723347?
3
What is the ten thousands digit of 253936682?
3
What is the hundreds digit of 10008444?
4
What is the ten millions digit of 70988886?
7
What is the ten millions digit of 108755906?
0
What is the hundred thousands digit of 157580365?
5
What is the ten millions digit of 116966201?
1
What is the ten millions digit of 15143196?
1
What is the units digit of 15151914?
4
What is the tens digit of 43158372?
7
What is the units digit of 562620811?
1
What is the tens digit of 1265323724?
2
What is the ten millions digit of 3980499296?
8
What is the hundred thousands digit of 2613783118?
7
What is the ten thousands digit of 25259947?
5
What is the millions digit of 565625294?
5
What is the ten thousands digit of 233157488?
5
What is the millions digit of 1706276055?
6
What is the tens digit of 64376935?
3
What is the ten millions digit of 4858086099?
5
What is the ten millions digit of 50062976?
5
What is the ten thousands digit of 58343981?
4
What is the tens digit of 132328224?
2
What is the millions digit of 324469334?
4
What is the hundred millions digit of 236013258?
2
What is the hundred millions digit of 261751306?
2
What is the millions digit of 64167504?
4
What is the ten millions digit of 46421938?
4
What is the hundred thousands digit of 29023326?
0
What is the tens digit of 295618119?
1
What is the hundred millions digit of 1527022108?
5
What is the hundred thousands digit of 88167419?
1
What is the ten thousands digit of 425305390?
0
What is the ten millions digit of 18251407?
1
What is the tens digit of 2722697709?
0
What is the hundred millions digit of 334172240?
3
What is the hundreds digit of 3543992601?
6
What is the tens digit of 124192090?
9
What is the ten thousands digit of 863654618